et t = a - -40. What are the prime factors of t?
2, 7
List the prime factors of ((576/15)/4)/((-3)/(-70)).
2, 7
Let d(x) = 3*x**2 + 2*x**2 + 0*x**2 + 2*x + 1 - 4*x. What are the prime factors of d(-2)?
5
Suppose 7*z = 10*z - 111. List the prime factors of z.
37
Let i(q) = -q**2 + 7*q - 3. Suppose -3*x + 3 = -3*w, 5*w = -x + 1 + 30. List the prime factors of i(x).
3
Suppose 0 = -47*k + 52*k - 725. List the prime factors of k.
5, 29
Let x(h) = -h - 3. List the prime factors of x(-5).
2
Suppose 37 = 2*b - 5*u, -b + 19 + 5 = 3*u. List the prime factors of b.
3, 7
Let k = -12 + 60. List the prime factors of k.
2, 3
Suppose -11 = -4*v - 3. What are the prime factors of (-2)/(v*(-4)/72)?
2, 3
Suppose -800 = -3*a + 2*t, 7*a - 4*a - 3*t - 795 = 0. List the prime factors of a.
2, 3, 5
Let b = -4 - -9. Let x(d) = d**2 - d - 7. What are the prime factors of x(b)?
13
Let w(n) = 5*n**2 - n. Let z be w(-2). Suppose 0 = z*k - 23*k + 24. List the prime factors of k.
2, 3
Let d = -113 + 328. What are the prime factors of d?
5, 43
Suppose -o + 5 + 0 = 0. Suppose 4*f + o*u = 0, 2*f + 5*u - 2*u = -2. What are the prime factors of ((-8)/f)/((-1)/5)?
2
Let a(o) = o. Let t be a(0). Suppose u - 6*u - 20 = t. Let g(d) = d**3 + 4*d**2 - 3*d - 1. List the prime factors of g(u).
11
Suppose -2*v + v = -3*d + 29, 2*v - 3*d + 49 = 0. What are the prime factors of ((-72)/v)/(6/20)?
2, 3
Suppose 0 = -f + g + 7 + 8, -4*g + 4 = 0. Suppose 2*x = -2*x - f. List the prime factors of (-7 + (-2 - x))/(-1).
5
Suppose 0 = t - 3*t + 8. Let r(a) = -4*a - 7 - 4*a + a**3 + t*a**2 + 0*a**3. What are the prime factors of r(-5)?
2
What are the prime factors of 1*1/(-1) + 30?
29
Let v = -6 - -27. Suppose -y - 20 - 6 = -4*f, -2*f - 4*y + 22 = 0. Suppose 0 = -2*u + v - f. List the prime factors of u.
7
Let x(r) = r**3 + 4*r**2 - 4*r + 7. Let u be x(-5). Suppose -2*t = u*t - 12. Suppose t*l = l + 24. What are the prime factors of l?
2, 3
Suppose -2*g + 111 = 3*v - 243, -4*g = 5*v - 710. List the prime factors of g.
2, 3, 5
Suppose 0*z + 4*v = -z - 14, -5*z - 5*v - 10 = 0. List the prime factors of z.
2
Let c(b) = -b + 3. Let u be c(6). Let j = 6 + u. What are the prime factors of j?
3
Suppose -3*v - 450 = -4*m, -2*m - 4*v + 226 = -6*v. What are the prime factors of m?
3, 37
Let l(b) be the third derivative of -b**4/24 - b**3 + 2*b**2. Let w be l(-6). Suppose 0 = 5*c + 4*m - 79, 3*c + m = 53 - w. List the prime factors of c.
19
Suppose 5*d - 2*b = 199, 8 = -4*b - 0*b. Let g be 3/2 - d/6. Let h(x) = -3*x - 7. What are the prime factors of h(g)?
2
Suppose -40 = -0*q + 4*q - 4*z, -4*q - 5*z = 67. Let f = q - -27. What are the prime factors of f?
2, 7
Let j(d) = 20*d**3 - 3*d + 3. List the prime factors of j(1).
2, 5
Suppose -h - h = -18. Let c(u) = -u**3 + 8*u**2 + 13*u - 12. What are the prime factors of c(h)?
2, 3
Let a(f) = f**3 - 4*f**2 - 4*f - 2. Suppose 2*b + 0 - 5 = -5*i, 4*i = -5*b + 21. What are the prime factors of a(b)?
3
List the prime factors of (1 - 2)*(-652)/2.
2, 163
Let o(s) = -s**2 - 20*s - 20. List the prime factors of o(-8).
2, 19
Let x = 42 + -20. Suppose -2*o + x = -0*o. Suppose -5*n = 2*w + 9, -2*w + 52 - o = -5*n. List the prime factors of w.
2
Let q be 7 + 0 + (0 - 2). Suppose 10*p - q*p = 375. Suppose -5*o = -0*o - p. List the prime factors of o.
3, 5
Suppose -151 = -6*x + 11. List the prime factors of x.
3
Suppose 4*z - 3*z + 3 = 0. Let u be ((-4)/4)/(1/z). Suppose u*r = -r + 76. List the prime factors of r.
19
Suppose 2*l - 17 = -5*j - 3, -3*l + 12 = 3*j. Let b = j - 2. Suppose b = -3*c + 5*c - 20. What are the prime factors of c?
2, 5
Let a = 22 + -12. List the prime factors of 9 - a - (-19 - 0).
2, 3
Let g(j) = j**3 + 3*j**2 + 4*j - 6. What are the prime factors of g(5)?
2, 107
Suppose 5*z - 6*z = 4. Let p = -10 - -26. What are the prime factors of z/p + (-34)/(-8)?
2
Let u = 54 + -17. What are the prime factors of u?
37
What are the prime factors of (16/8)/(4/10)?
5
Let v = 205 + -139. Suppose 5*a + 3*s = 16 + 22, 5*a = 4*s + v. List the prime factors of a.
2, 5
Let v be 20/(-8)*(-2 - -6). What are the prime factors of (-74)/v + 6/(-15)?
7
What are the prime factors of 6/4 + 25/2?
2, 7
Suppose 2*l + l = 6. Suppose 0 = l*g + 2*g - 24. Let r(v) = v**3 - 5*v**2 - 4*v - 6. List the prime factors of r(g).
2, 3
Let c(w) = w. Let v be c(5). Suppose 29 = 3*p + 4*x, 23 + 68 = v*p - 4*x. Let o = -3 + p. What are the prime factors of o?
2, 3
Let u = 3 - -2. Suppose -w = -1, 4*w - 4 = -u*n + 10. What are the prime factors of n/6 + (-70)/(-6)?
2, 3
Suppose 5*z - 8 = -23. List the prime factors of z/(-6)*2 + 5.
2, 3
Let x(o) = -2*o**2 - 5*o - 3. Let v be x(-5). Let i = v + 39. What are the prime factors of i?
11
Suppose -r + 6 = -10. List the prime factors of r.
2
Let w(n) = -n**2 - 2*n + 2. Let r be w(2). Let z be 6/9 + (-38)/r. List the prime factors of (z/3)/(3/18).
2, 7
Let r(g) = -g + 9. List the prime factors of r(-15).
2, 3
Let z(o) = o - 7. Let a be z(5). Let m be ((-1)/2)/(2/(-4)). List the prime factors of 0/(m + 0) - a.
2
Suppose 4*x = p - 3*p + 222, -2*p + 221 = 5*x. List the prime factors of p.
113
Let v(j) = -j**2 - j. Let z be v(1). What are the prime factors of 0 + 3 + 2 - z?
7
Let m be 2*3*(3 - 2). Let c(f) = 2*f**2 - 7*f - 7. What are the prime factors of c(m)?
23
Suppose 6*w - w = 60. Let q = w - 7. Suppose c + 150 = q*y + 62, -y = 2*c - 11. List the prime factors of y.
17
List the prime factors of 65/26 - (-6)/4 - -94.
2, 7
Suppose 4*m + 18 = 146. What are the prime factors of m?
2
What are the prime factors of (75/(-45))/((-1)/21)?
5, 7
Let a = 21 - 12. Let p(u) = -u**3 + 9*u**2 + u + 11. What are the prime factors of p(a)?
2, 5
Let j = 3 + 1. Suppose d - 5*d - q + 16 = 0, j*d + 5*q = 0. Suppose -42 - 18 = -d*g. List the prime factors of g.
2, 3
Suppose 5*l = -5*d + 120, -11 = -l + 4*d + 3. Let k = l + 3. List the prime factors of k.
5
Let i = 16 + 17. Suppose -2*h = -23 - i. List the prime factors of h.
2, 7
Suppose -5*n = -20, 0 = -3*d + 3*n - 6*n - 18. Let g = -59 - -42. Let r = d - g. What are the prime factors of r?
7
Let k(c) = -c**2 - 9*c - 2. Let i be k(-8). Let l(p) = -p**3 - p + 4. Let z be l(0). List the prime factors of z/6 - (-62)/i.
11
Let b = 2 + -7. Let v(l) = -l - 2. Let k be v(b). Suppose 12 = 3*r - k*q, -r - 6 = -5*q - 2. What are the prime factors of r?
2, 3
Suppose 2*u = -10, 0*n - 206 = -2*n - 4*u. Suppose -3*r + n = 17. What are the prime factors of r?
2
Let s = 3 + -5. Let o = s - -6. List the prime factors of o.
2
Let o = -4 - -6. Suppose 2*d + y + o*y + 14 = 0, 5*d + 5*y + 30 = 0. What are the prime factors of 15/2*d/(-6)?
5
Suppose 18 = -w + 47. List the prime factors of w.
29
Let k be (-36)/(-7) - 8/56. Suppose -7*j + 36 = -k*j. What are the prime factors of j?
2, 3
Let a(n) = -n - 2. Let p be a(-6). Let i be p*(27/2 + 1). Suppose -i = -3*u + v - 6*v, 0 = -4*u - 4*v + 64. List the prime factors of u.
11
Let f(j) be the first derivative of -j**5/60 - j**4/3 - j**3/3 - 4. Let w(s) be the third derivative of f(s). List the prime factors of w(-6).
2
Suppose 5*n + 539 = 3*u, -3*u + 886 = 2*u + 4*n. What are the prime factors of u?
2, 89
Suppose n = 3*v - 3*n - 79, -3*v = -2*n - 89. What are the prime factors of v/7 - (-6)/21?
5
Suppose -4*a = -5*b + 34, -4*b - a + 34 = 11. Let x = 8 - b. Suppose -x*d = 5*r + 4 - 36, 4*r - 16 = -4*d. What are the prime factors of r?
2
Let t(u) = u**2 - 2*u - 4. Let r be t(3). Let x = r - -4. Suppose 4*q = -o - 14, q = -x*o - 4*q - 14. List the prime factors of o.
2
Let c(t) = 3*t + 2. Let s be c(7). Let j = s + -3. Suppose 5*i - j = i. List the prime factors of i.
5
What are the prime factors of 49 + 0*4/4?
7
Let n be 2 + 1 - 0 - 3. Suppose -3*t + t + 36 = n. What are the prime factors of t?
2, 3
Let z(i) = -10*i**3 + i**2 + 2*i + 1. Suppose 0 = -2*x + 5*r + 13, x + x + 14 = -4*r. What are the prime factors of z(x)?
2, 5
Let b = -5 + 7. Suppose -i + z - 3*z + 1 = 0, 0 = 3*i - b*z - 19. List the prime factors of i.
5
Suppose 0 = t + 4*q - 87, -88 - 2 = -t - 5*q. List the prime factors of t.
3, 5
Suppose 5*l - 2*w - 91 = 0, 42 = 3*l + 4*w - 23. List the prime factors of l.
19
Let y(r) = -r**3 - 5*r**2 - 3*r + 5. Let v be y(-4). Let m(s) = 4*s**3 + 4*s**2 - 1 - 3*s**2 + 0 - s**3. List the prime factors of 